at are the prime factors of n?
3, 5
What are the prime factors of 5 - (-144)/(-27) - 3242/(-6)?
2, 3, 5
Let v = -5885 - -8624. List the prime factors of v.
3, 11, 83
Let r(i) = 59 + 4626*i**2 - 20 - 4627*i**2 - 18*i. Let h = -43 - -27. What are the prime factors of r(h)?
71
Suppose 20*r = 117 + 103. Suppose -21*t = -73 - r. Suppose x - 10 = -4*x, -4*x + 92 = t*j. List the prime factors of j.
3, 7
What are the prime factors of (-12 + 9 + 7)/(2/(-1184)*-1)?
2, 37
Let c be ((-128)/16)/((-2)/3). Suppose -2*y + c = 2*y. Suppose -y*s = 2*z - 202, -z + 3*z = 4. List the prime factors of s.
2, 3, 11
Suppose 13*a = -15*a + 600544. Suppose 20*k - 34*k = -a. What are the prime factors of k?
2, 383
Let g(z) = 55*z + 3548. What are the prime factors of g(-43)?
7, 13
Suppose c + 2*i = -22, 2*c + 5*i = 2*i - 43. What are the prime factors of 5/c*362*-6 + 5?
2, 137
Let c be 170/60 + (-2)/(-12). Suppose 3*x - 3*y = 3138 + 1566, 5*x = c*y + 7840. List the prime factors of x.
2, 7
Let h be (-63)/6 + 21/(-14). Let g be (-9 + 1)*5/(h - -2). Suppose -i - 2*i = 4*b - 425, 2*b - g*i - 218 = 0. What are the prime factors of b?
107
Let t = 24 - 19. Suppose t*q = -5*d - 400, -3*q + d = 2*q + 388. Let z = q + 130. List the prime factors of z.
2, 13
Let w(x) = -x**3 + 15*x**2 - 48*x - 10. Let k be w(5). Suppose k = 5*v + 4*s - 2683, -2*v + 0*s - 3*s = -1069. What are the prime factors of v?
7, 11
Let f(l) = -l**2 - 13*l + 5. Let c be f(-10). Let i = c + -33. What are the prime factors of (124/(-6))/(i/(-21))?
7, 31
Let t(v) = 67*v**2 + 52*v - 338. What are the prime factors of t(14)?
2, 6761
Suppose -5*r + 3*r - 650 = n, 2*n + 3*r = -1301. Let k = n + 1022. What are the prime factors of k?
2, 5, 37
Suppose p = -p. Let v be p + (2 + -3)*-1. What are the prime factors of (-705)/(-10) - (v*-3)/(-6)?
2, 5, 7
Suppose -5*a = -12*a + 35. Suppose 2*k - a = 27. List the prime factors of ((-4 + k)/(-3))/(-1) + 82.
2, 43
Suppose -25596 = -b + 2*k, -3*k - 25603 = -119*b + 118*b. List the prime factors of b.
2, 12791
Let o(t) = 171*t + 262. Let w(g) = 29*g - 223. Let j be w(8). List the prime factors of o(j).
1801
Suppose 30*b - 35*b = 5. Let q be b*(-5)/10*-4. List the prime factors of (-5)/20*(-190 - q).
47
Let k be (-10)/(6/3 - 4). Suppose -k*p = -1091 + 371. What are the prime factors of p?
2, 3
Let j = -370 + 340. What are the prime factors of j*33/9*(-18)/15?
2, 3, 11
Suppose 0 = 40*f - 3591 - 3409. Let y = 105 + -73. Let w = f - y. What are the prime factors of w?
11, 13
Let l(v) = 9*v**2 + 39*v - 155. List the prime factors of l(23).
5503
Let t(q) = -q**2 + 19*q + 1. Let w be t(19). Let b be 486 - (w - 1)/3. Suppose -8*v + 5*v + b = 0. What are the prime factors of v?
2, 3
Let s be (-4)/(-10) - (-4338)/5. Suppose -482 = -v - 4*m, -m + 1000 = 4*v - s. Suppose -5*p = -v + 86. What are the prime factors of p?
2, 19
Let i(w) = -3*w - 36. Let j be i(-11). Let k be -1*(1 - j*(-633)/9). Let p = k + -80. List the prime factors of p.
2, 5, 13
Suppose 43*i - 29*i = 42. Suppose 723 = 2*u - 4*p + 197, -i*p - 1042 = -4*u. List the prime factors of u.
7, 37
Suppose 2*u - 5*x - 4645 = 0, 13*u + 5*x = 10*u + 6955. What are the prime factors of u?
2, 5, 29
Suppose -y - 99487 = -5*p, 5*p - 3*y - 58951 = 40550. What are the prime factors of p?
2, 3, 829
Let i = 12046 + -6958. Suppose 5*v = -10062 - i. What are the prime factors of (-4)/18 - v/27?
2, 7
Let y = -710 - -1125. Suppose -y = -4*g + 409. Suppose 5*t - g = -i, 5*t + 0*i - 208 = -3*i. List the prime factors of t.
41
Let s = 456 - 264. Let c = -3374 + 3444. Let y = s - c. List the prime factors of y.
2, 61
Suppose 0 = 5*m + 2*d - 273, -5*m - 3*d = -66 - 211. Suppose 50*w - m*w = 15. What are the prime factors of (w - 56)/((-2)/6)?
3, 61
Let j(x) = 68*x - 65. Suppose 3*r = -3*r + 30. What are the prime factors of j(r)?
5, 11
Let j(w) = 3*w + 4. Let a be j(0). What are the prime factors of (1/(a/(-1854)))/((-135)/360)?
2, 3, 103
Suppose -4*a + 266 = 2*x, 3*x - 457 = -5*a - 53. Let f = x - -149. List the prime factors of f.
2, 73
What are the prime factors of 379734600/7406 + 2/23?
2, 31, 827
Let t be -8*((-45)/8)/15. Suppose 4*n + t*o - 533 = 0, -5*n + o = 2*o - 680. What are the prime factors of n?
137
Suppose -5*c - 4850 = 2*t, 0 = 4*t + 24 - 4. Let g = -570 - c. What are the prime factors of g?
2, 199
Let k be 1/3 + (-19294)/(-33) + 0. Let n = 967 - k. What are the prime factors of n?
2, 191
Let v(l) = -22*l**3 - l**2 - l. Let d be v(-1). Suppose 3*b + 4*x - 13 = 9, -5*x + d = b. Suppose 0*c + b*c = 432. List the prime factors of c.
2, 3
What are the prime factors of 145652/20 + 17/(1020/24)?
7283
Let m(o) = 6*o + 26*o - 3*o + 20 + o. What are the prime factors of m(4)?
2, 5, 7
Let d = -71 + 77. List the prime factors of (0 - d/(-4))*8920/30.
2, 223
Let y = 55 - 26. Suppose o + y = 4*r, r - 8 = -r. Let j(f) = -3*f + 34. What are the prime factors of j(o)?
73
Suppose 40*p - 3510 = 50*p. Let u = p - -595. What are the prime factors of u?
2, 61
Let q(z) = 20*z**2 - 19*z + 89. Suppose -5*h + 9*n + 37 = 12*n, -3*h = 4*n - 31. What are the prime factors of q(h)?
2, 13, 19
Let x(u) = u**2 + 1. Let h(s) = 25*s + 20. Let r(d) = -h(d) - x(d). Let f be r(-17). Suppose -4*i - f = -5*v - 2*i, 5*v - i = 120. List the prime factors of v.
5
What are the prime factors of 8/44 - (-10585740)/363?
2, 7, 2083
Let r = -35249 - -65189. List the prime factors of r.
2, 3, 5, 499
What are the prime factors of (0 + 30)*756/45?
2, 3, 7
Let w(t) = -19*t**3 + 2*t**2 - t - 20. Let s = -222 - -219. List the prime factors of w(s).
2, 257
Let b = 3261 - 2905. List the prime factors of b.
2, 89
Let z be ((-56)/6)/7*6/(-4). Suppose -5*k + z*k - 60 = -2*s, -84 = -4*s - 3*k. What are the prime factors of s?
2, 3
Suppose p - 2*j = -8, -3*p - 36 = j - 12. Let f(n) be the first derivative of -7*n**2/2 + 14*n + 31. What are the prime factors of f(p)?
2, 5, 7
Let r(p) be the first derivative of 119*p**2/2 + 5*p + 13. Let t be r(1). Suppose 5*q - 11 = t. What are the prime factors of q?
3
Suppose 67*t - 208158 - 400204 = -7305. What are the prime factors of t?
8971
Suppose 5*u - 4*u + 4*i - 41514 = 0, -3*u + 2*i = -124486. List the prime factors of u.
2, 20749
Let y(q) = 6*q**3 + 12*q**2 + 11*q - 5. Let o = 57 + -51. Let g(z) = -7*z**3 - 12*z**2 - 11*z + 6. Let l(c) = o*y(c) + 5*g(c). List the prime factors of l(-10).
2, 3, 5
What are the prime factors of (-64575)/(-140)*(-40)/(-5)?
2, 3, 5, 41
Suppose -6 = 8*m - 10*m. Suppose 3*i + 15 = m*y + 4*i, 0 = -3*y + 4*i. Suppose 0 = -2*x + y*x - 146. List the prime factors of x.
73
Let p = -9 + 11. Let j be 1 + -2 + 99/3. Suppose p*a - 160 = j. List the prime factors of a.
2, 3
Let n be (24/(-18))/(4/(-18)). Suppose -f + 1 = -4*b, 6 = 3*f - 9. What are the prime factors of n/(b - (-100)/(-108))?
3
Suppose 32*b - 88611 = 13*b + 256410. List the prime factors of b.
3, 6053
Suppose a = 3*l - 4*a - 2171, 2165 = 3*l + a. Suppose l*c = 711*c + 9878. List the prime factors of c.
2, 449
Let r(z) = 25*z**2 + z + 9. Let s be r(-4). Suppose 2*v = 7*v - s. Suppose h = -h + 5*k + 63, -4*h - 5*k + v = 0. What are the prime factors of h?
2, 3
Suppose 9*c - 47*c = -1296788. List the prime factors of c.
2, 113, 151
What are the prime factors of 156/44 + -3 + (-17 - (-388178)/22)?
2, 3, 13, 113
Let k(g) be the second derivative of -g**5/20 + 7*g**4/3 - 5*g**3 - 63*g**2/2 + g. What are the prime factors of k(26)?
509
Let j = 392 + -245. Let r = 553 - j. List the prime factors of r.
2, 7, 29
Let x(u) = -75*u - 122. Suppose 2*h + 3*l = -18, 10*h + 36 = 6*h + 5*l. What are the prime factors of x(h)?
7, 79
Suppose 408*m = 407*m + 34493. What are the prime factors of m?
17, 2029
Let o be 0 + 5*(-4)/(-5). Suppose z + 14 = -z + 2*h, -5*z + o*h = 36. List the prime factors of (-54)/144 + (-707)/z.
2, 11
Let z = 5 + 0. Let g be 3/(-1 - z/(-2)). Suppose -5*t + t = d - 347, g*d = -5*t + 433. List the prime factors of t.
3, 29
Let n be (88/66)/(4/6) - -3. Suppose 3*f - 2*y = 107, 2*y - 187 = -n*f + y. List the prime factors of f.
37
Suppose -4*c + 21450 = d + 2*c, 0 = 4*d - 2*c - 85930. What are the prime factors of d?
2, 3, 5, 179
Let d = 5343 - -5133. What are the prime factors of d?
2, 3, 97
Let b(t) = -t**3 - 3*t**2 - 5*t - 4. Let z be b(-2). Suppose 0 = -w -